x?
4
Let q be 2 + (-1)/(-1) + -2. Let o be ((-6)/(-3))/(q/(-2)). Let j(n) = -n**2 - 5*n - 1. What is the units digit of j(o)?
3
Let i be 8 + 0 + (-2 - -3). Suppose i = 2*b + b. What is the units digit of b?
3
Let b(g) = -g**2 + g - 11. Let w be b(0). Let r = w + 2. What is the units digit of 1/(-2) + r/(-2)?
4
Suppose 21 = 4*x + 53. Let o(g) = -12*g - 1. Let w be o(-1). Let q = x + w. What is the units digit of q?
3
Let s be (-11)/(-2)*(-6 + 8). Let t = s + -4. What is the units digit of t?
7
Suppose -9*j + 0*j + 675 = 0. What is the tens digit of j?
7
Let h be (4 + (-50)/(-2))*1. Let g = -19 + h. What is the units digit of g?
0
Let s(l) = 2*l**2 + 2*l - 1. Let g be s(1). Let u(k) = 0*k + 3*k - 2*k + g. What is the units digit of u(0)?
3
Suppose 0 = -3*t + 5*j + 577, 0 = -t - 3*j + 4*j + 193. What is the units digit of t?
4
Let y = -1 + -1. Let q be (y/5)/((-2)/40). Let d = q - 5. What is the units digit of d?
3
Let k be 0/10 - (-1 - -10). Let t(x) = x**2 + 10*x + 7. Let q be t(k). What is the units digit of (-13)/((-3)/(-6)*q)?
3
Let k = 120 + -35. What is the tens digit of k?
8
Suppose 0 + 14 = 2*v. Let y = 3 - v. What is the units digit of (-1)/y - (-19)/4?
5
Let f = 29 + -6. What is the tens digit of f?
2
Suppose 5*c - 56 = 5*h - 146, -24 = -2*h - c. What is the units digit of h?
4
Let v be (0 - 1)/(0 + -1). Let d be 0/(v - (-2 - 0)). What is the units digit of (d - 0/(-2)) + 2?
2
Let x = 2 - 1. Let h(l) = l**3 + 14*l**2 - 4. Let u be h(-14). What is the units digit of 4 - 2 - (u + x)?
5
Suppose -4*f + f = 2*y - 597, 3*f - 2*y = 585. What is the hundreds digit of f?
1
Let s be 1/3 - 22/(-6). Let m(t) = -5*t**2 - 2*t**2 + 12 - t**3 - s. What is the units digit of m(-7)?
8
What is the units digit of 5583/33 + 1 - 2/11?
0
Let o(l) = -2*l**2 - 7*l + 2. Let a be o(5). Let c = -42 - a. Suppose -4*b = -2*y - 72, 2*b + 4*y = c - 15. What is the units digit of b?
7
Let b be (4/6)/((-4)/(-42)). Let f = 19 - b. What is the tens digit of f?
1
What is the tens digit of 2/15 + 1312/60?
2
What is the tens digit of 10189/161 - (-4)/(-14)?
6
Let v be -2 + 19 + 0/(-1). Suppose -2 + v = 3*u. Suppose -2*p - 5*j + 19 = -u*p, p + 2*j = 12. What is the units digit of p?
2
Let s = 14 + -9. Suppose 4*n - 3*h = 0, -3*n + s*h - 17 = -2*n. What is the units digit of n?
3
Let j(p) = p**3 - p**2 + p + 53. What is the tens digit of j(0)?
5
Let j(u) = u**3 - 4*u**2 - 4*u - 2. Suppose -c - 2*i - 2 = 2*i, 0 = -4*c - i + 37. Let p be (c/4)/((-2)/(-4)). What is the units digit of j(p)?
3
Suppose -444 - 1766 = -13*u. What is the units digit of u?
0
Suppose -16*d = -4*d - 216. What is the tens digit of d?
1
Suppose 5*u = 43 + 212. What is the tens digit of u?
5
Suppose 0 = 4*n + 4*p - 32, 3*n = 2*n - 4*p - 7. What is the tens digit of n?
1
Suppose 3*z + 44 = 4*r + 7*z, 22 = 2*r - 4*z. Let k = -1 - -1. Let o = r + k. What is the units digit of o?
1
Let g be -1*(3 + 1 + -45). What is the tens digit of 1*-1 + (g - -6)?
4
Let j(u) = -22*u**2 - 7*u + 7. Let m(g) = 21*g**2 + 6*g - 6. Let w(d) = 5*j(d) + 6*m(d). What is the units digit of w(1)?
6
Let d(k) = k**3 + 6*k**2 - 9*k - 10. Suppose -3*c - 2*u = -2*c - 1, -2*c + 4*u = 30. Let m be d(c). Suppose 0 = m*g + g - 40. What is the units digit of g?
8
Let s(p) = -3*p - 33. What is the units digit of s(-16)?
5
Let j(l) = 15*l**2 - 3*l - 1. Let w be j(-2). Suppose -4*a + w = a. What is the tens digit of a?
1
Let v(t) = 2*t**2 - 5*t - 10. What is the tens digit of v(8)?
7
Let z(k) = k**3 - 6*k**2 - k + 5. Let b be z(6). What is the units digit of (b - 1) + (1 - -45)?
4
Let v(a) = 2*a - 11. Let d(p) = -3*p + 21. Let y(m) = -4*d(m) - 7*v(m). Let l be y(-7). What is the units digit of 11 + l - (-2)/(-2)?
7
What is the tens digit of (0 - -129)*(-16)/(-6)?
4
Suppose 4*a = -a - 25. Let i(s) = -s**3 - 6*s**2 - 7*s - 6. Let w be i(a). Suppose 0*v + 4*v - w = 0. What is the units digit of v?
1
Let j(k) = -12*k - 1. What is the units digit of j(-7)?
3
Let z be (-1123)/9 - 6/27. Let l = -84 - z. What is the tens digit of l?
4
Let j = -195 - -281. What is the units digit of j?
6
Let r(z) = z - 1. Let o be r(1). Let f = 4 - 0. Suppose o = 3*s - 7*s + f. What is the units digit of s?
1
Let u = 88 + -44. What is the tens digit of u?
4
Let g(i) = -i**3 - 15*i**2 + 14*i - 8. What is the tens digit of g(-16)?
2
Suppose 3*o - 15 = 2*b - 7*b, 5*b = 5*o + 15. Suppose i + o - 2 = 0. Suppose 52 = 4*f - 5*q + q, 3*q - 6 = -i*f. What is the units digit of f?
9
Suppose 2*m - 132 - 4 = 0. Suppose -2*j = -5*z - m, -4*j - 3*z + 7*z = -112. What is the tens digit of j?
2
What is the tens digit of 20/(-1 + (6 - 4))?
2
Let x(r) = -r**2 - 6*r + 7. Suppose 4 = 2*g - g. Suppose 0*h + 5*p = h + 21, g*p = -2*h. What is the units digit of x(h)?
7
Let p(f) = f**3 + 8*f**2 - 2*f - 1. Let v be p(-5). Suppose z - 4*z + v = 0. What is the tens digit of z?
2
Let w(n) = -n**2 - 9*n - 2. Let z be w(-4). What is the tens digit of -2 + -1 - (-2 - z)?
1
Suppose -11*v = -9*v - 128. What is the tens digit of v?
6
Let d(q) = 2 + 2*q + 21 - 5. What is the units digit of d(0)?
8
What is the units digit of 6/(-15) - (-174)/10?
7
Suppose 3*y = -b + 4 + 4, -y = 2*b + 4. Let s be 18/y*(-12)/(-9). What is the tens digit of -2*((-33)/s - 1)?
1
Suppose 0*s - 6 = -s. What is the units digit of (s + -2)/2 + 5?
7
Let c(j) = j**3 + 5*j**2 - 6*j + 6. Suppose -3*g = -2*n - 6 - 11, -2*n + 4*g = 18. Let i be -9*(3 - n/(-3)). What is the units digit of c(i)?
6
Let n(v) be the first derivative of 5*v - 2 - 5/2*v**2 + 1/3*v**3. What is the units digit of n(5)?
5
Let n be 1 - (-3 + 4 + -3). Suppose -2*z + n + 1 = 0. Let m = -1 + z. What is the units digit of m?
1
Let j = 49 + 53. What is the units digit of j?
2
Let o = 16 + -14. Suppose o*t = 4*l - 50, 0 = -l - 0*t + 4*t + 23. What is the units digit of l?
1
Let r be (4/(-8))/(1/22). Let w = r - -16. What is the units digit of w?
5
Let m(t) = t**3 + 8*t**2 - t - 6. Suppose r = 3*g + 29, 2*g + 11 = -0*r - r. What is the units digit of m(g)?
2
Let w(b) = b - 2. Let a be w(-5). Let t = 1 - a. Let x = -6 + t. What is the units digit of x?
2
Suppose -28 = -4*y - 4. What is the units digit of y?
6
Suppose 99 = -4*w + 5*w. What is the units digit of w?
9
Let n(k) = -9*k - 16. What is the units digit of n(-4)?
0
Let k(g) = 3*g + 2. Let w = 7 - 3. What is the tens digit of k(w)?
1
Suppose -5*d + 444 = d. What is the tens digit of d?
7
Suppose d + 4 = 19. Suppose -5*p + d = -2*p. Suppose 4*n + 0*n - 26 = -2*o, -p*n = -5*o - 10. What is the units digit of n?
5
Let m be ((-1)/3)/((-5)/30). Let d be (m/3)/(1/6). Suppose 0 = j - d*j - 3*c + 27, 0 = -5*j + 2*c + 73. What is the tens digit of j?
1
Let n be (4 + (-300)/(-1))/(-1). What is the units digit of (n/28)/((-2)/7)?
8
What is the units digit of (-724)/(-16) + (-2)/8?
5
Let g(c) be the second derivative of c**4/12 + 7*c**3/6 + c**2 - c. Let d be g(-3). What is the units digit of (-2)/5 + (-84)/d?
8
Suppose -80*d + 78*d = -94. What is the tens digit of d?
4
Suppose 0 = r + d - 5, d + 25 = 5*r - 2*d. Let j = r + -1. What is the units digit of j?
4
Let u(y) = 2*y**2 + 2*y - y + 6 + 4 - 1. What is the tens digit of u(-4)?
3
Suppose 2*k = 2, -5*i + k + 341 = 2*k. What is the units digit of i?
8
Let r be (0 + 4/(-6))*18. Suppose -3 = -2*j + 31. Let a = j + r. What is the units digit of a?
5
Let c = -106 + 161. What is the tens digit of c?
5
Suppose 4*i - 30 = -2*c, -2 = -3*i - 5*c + 3. What is the tens digit of i?
1
Let c(s) = -5*s. Let x(z) = 11*z - 1. Let o(l) = -9*c(l) - 4*x(l). Let n be o(-7). Let i = 7 - n. What is the tens digit of i?
1
Let l(u) = -u**2 + 5*u - 13. Let w(x) = -x**2 + 5*x - 12. Let m(h) = 5*l(h) - 6*w(h). Let v be (-21)/35*(-20)/2. What is the tens digit of m(v)?
1
Suppose -a + 0*a = -58. What is the units digit of a*1/2 + 1?
0
Suppose -5*v - t - 101 = 2*t, -3*t = 6. Let x = -11 - v. What is the units digit of x?
8
Suppose -y = m - 2*y, -2*m + 5*y = 0. Let f be (-3 + m)/((-3)/3). Suppose -3*b = f*q - 30, -4*q = -2*b - q + 25. What is the units digit of b?
1
Let k be 2/(-1 - (-9)/6). Suppose 0 = -p + 2*n + 9, -4*p = -k*n + 8*n. What is the units digit of 2/p*12/8?
1
Suppose 0*d + 558 = 6*d. What is the units digit of d?
3
Let l(t) = -t**2 - 9*t - 2. Let v be l(-7). Suppose 4*c - 13 = -2*b + c, 4*c 